t j(q) = -q**2 - 10*q - 14. Let f be j(-5). Let w(d) = d**3 - 9*d**2 - 13*d - 54. Let r be w(f). What is the highest common divisor of r and 63?
9
Suppose -16*d = -31*d - 960. Let h be 24/d + (-5409)/(-24). What is the highest common divisor of h and 45?
45
Let q(w) = -2*w**3 - 3*w**2 - 3*w - 1. Let v be q(-2). Let u = 109897 - 109798. Calculate the highest common divisor of u and v.
9
Let m = -2450 - -2548. What is the highest common factor of m and 70?
14
Let w(d) = d**3 - 4*d**2 + 3*d + 1. Let c be w(2). Let q be c/(1220/245 - 5). What is the highest common divisor of 49 and q?
49
Let d(h) = -11*h**3 + 8*h**2 + 11*h + 19. Let b be d(-2). What is the highest common factor of 315 and b?
9
Suppose -4*o - 529 = 5*v - 2617, -1566 = -3*o - 3*v. What is the highest common divisor of o and 290?
58
Suppose 0 = -24*l - 64*l - 44*l + 67320. What is the highest common divisor of 810 and l?
30
Suppose -18*u = -14*u - 108. Let b(j) = -4*j - 3 + 3*j - 8. Let l be b(-14). What is the greatest common factor of u and l?
3
Let b(i) = 35*i**2 - 401*i + 805. Let z be b(2). Calculate the highest common divisor of 18447 and z.
143
Let o = -5244 - -5309. What is the highest common factor of 4745 and o?
65
Let m be -7 + 466 - 2/((-6)/(-9)). Suppose -45*b = -51*b + m. Calculate the greatest common factor of 57 and b.
19
Let q(l) = 10*l - 6. Let j be q(6). Let a(g) = 3*g**2 + 17*g - 1. Let b be a(-8). Let p be 10/4*132/b. What is the highest common divisor of p and j?
6
Let r(t) = -t**2 - 55*t + 216. Let l be r(-26). What is the greatest common factor of 291 and l?
97
Let z be (-79222)/(-165) - 2/15. Suppose 5*t - 30 - z = 0. What is the highest common factor of t and 255?
51
Suppose 53*a - 6780 = -61*a + 14538. Calculate the highest common divisor of 51 and a.
17
Let g(i) = 191 - 3*i**2 + 95*i + 253 - 382. Let o be g(32). Let x be 36*(-1)/((-4)/10). What is the highest common factor of o and x?
30
Suppose 2*u + 257 = 5*g - 476, -2055 = -14*g + 3*u. Calculate the greatest common divisor of 525 and g.
21
Suppose 5*f = -2*b + 12681, 5*f - 5535 - 7137 = b. Suppose -f = a - 14*a. Calculate the greatest common divisor of a and 65.
65
Suppose 2*l = -8, 2*l = -2*d - 3 - 25. Let v = d - -14. Let t(m) = 38*m - 1552. Let f be t(42). Calculate the greatest common divisor of v and f.
4
Let p be (-108)/(-324) + -3 + (-49036)/(-6). Calculate the highest common factor of 190 and p.
190
Suppose 25*f + 48 = y + 27*f, 2*f = 7*y - 224. What is the greatest common factor of y and 15623?
17
Suppose -323*p + 313642 - 61702 = 0. Calculate the highest common factor of 2262 and p.
78
Suppose -31 = 5*w + v - 321, w - 100 = 4*v. Let g be ((-8)/(-6))/(1/(-273)). Let a = -214 - g. Calculate the highest common divisor of w and a.
30
Suppose -2*f + 3*f = -4*l - 68, -2*f - 126 = 3*l. Let o be (-164)/(-16) - (-5)/f*3. Calculate the highest common factor of 290 and o.
10
Let b = 42799 - 42782. Calculate the highest common divisor of 37 and b.
1
Let b be 9286/6 + 2/6 + 12341/(-1763). Calculate the greatest common divisor of b and 46.
23
Let n(k) = -k**2 - 23*k + 686. Let g be n(17). Suppose -53 = -3*m + 199. What is the highest common divisor of g and m?
6
Suppose r + 55 - 7 = 4*m, 4*r = 5*m - 38. What is the highest common divisor of m and 18774?
14
Suppose -61*h + 48*h = 3*f - 2015, 2*h + 14 = 0. Calculate the greatest common factor of f and 416.
26
Let c(q) = -2*q**2 + 12*q - 10. Let t be c(5). Suppose 56*p - 105 - 63 = t. What is the greatest common divisor of p and 24?
3
Let i be (14/2 - 2)*11. Let k(b) = -2*b**3 + 2*b**2 + 207*b - 105. Let o be k(10). What is the greatest common factor of i and o?
55
Let w(k) = 81*k + 577. Let j be w(21). What is the greatest common divisor of j and 68?
34
Let p be (-24)/(3 - -5) - (-1 - 20). Suppose 3*z = -0*z + p. Calculate the highest common factor of z and 6.
6
Let w be (11 - (-4 + 0)) + 185. Calculate the greatest common factor of 1100 and w.
100
Suppose -5*f = 11 + 9, -286 = -3*y - 2*f. What is the greatest common divisor of y and 2282?
14
Let q = -176 - -162. Let p(k) = k**3 + 15*k**2 + 13*k - 12. Let h be p(q). Calculate the highest common divisor of 12 and h.
2
Let y be (-1)/(498/165 - 3). Let d = y - -81. Let x(u) = 3*u**2 + 3*u - 21. Let q be x(-5). What is the highest common factor of q and d?
13
Let c(u) = 5*u**3 + 3*u**2 + 3*u. Let h be c(3). Let s(x) = 36 - x + 5*x - 2*x - 3*x. Let p be s(17). Calculate the highest common factor of p and h.
19
Suppose -7*h - 40*h - 26*h = -4672. What is the highest common factor of h and 3648?
64
Suppose -4*n + 9*n - 120 = 0. Suppose -4*v - 2*m = 91628, 4 = m + 8. Let j be v/(-270) + (-5)/6. What is the greatest common factor of j and n?
12
Let y(f) = -3*f**3 - 2*f**2 - 9*f - 33. Let c be y(-5). Suppose 5*z - 3*v - c = 0, 0*v = -3*z + 2*v + 203. Calculate the highest common factor of z and 26.
13
Suppose 5*f = 26 - 21. Let o be (170/(-25))/(f/(-5)). Let d = 119 - 68. What is the greatest common divisor of o and d?
17
Let n(d) = 23*d**2 + 2*d - 1. Let p be n(1). Let k = -198989 - -199061. Calculate the highest common divisor of k and p.
24
Let k = 49 - 24. Let f(q) = 2*q**2 + 28*q - 24. Let x be f(-16). Suppose 12*l - 16*l + x = 0. What is the highest common factor of k and l?
5
Let l be ((-354)/(-3))/((-11)/(-11)). Let u = -108 + l. Let t be (-2 - -2) + (u - 8). Calculate the greatest common factor of t and 4.
2
Let q(o) = 28*o**2 - 4*o - 5. Let w be q(-2). Let z = 119 - w. Suppose -z*y + 121 = -99. Calculate the highest common divisor of 5 and y.
5
Let o(c) = -3*c - c + 30 + c**2 - 11*c. Suppose 13*j + 498 - 693 = 0. Let l be o(j). What is the highest common divisor of l and 10?
10
Let k be (-30)/(-2)*96/18. Let x(p) = 22*p - 67. Let y be x(-6). Let a = -167 - y. What is the highest common factor of k and a?
16
Let t(h) = 531*h - 236. Let r be t(2). Calculate the highest common divisor of 590 and r.
118
Suppose 154941 = 22*x + 47*x - 260784. What is the greatest common factor of x and 25?
25
Let b = 19 + 17. Let f(r) = 78*r - 228. Let k be f(20). Calculate the greatest common factor of b and k.
36
Let c(h) be the first derivative of 3/2*h**2 + 50*h - 12. Let i be c(16). Calculate the greatest common factor of i and 28.
14
Let f = -31560 - -31743. Calculate the greatest common factor of 34953 and f.
183
Let w be (-2)/26 + (2752020/390)/6. What is the highest common divisor of 16 and w?
8
Suppose 84*f = 139*f - 825. What is the greatest common factor of f and 96?
3
Let p be (-4347)/(-15) - 44/55. Let t = p - 286. Calculate the highest common factor of 135 and t.
3
Suppose -9*m - 2840 = -m. Let r = m + 364. Let y(v) = -v**3 + 4*v - 3. Let i be y(-4). Calculate the highest common divisor of i and r.
9
Suppose 0 = 2*v + 215*y - 214*y - 8318, y = 2*v - 8314. Calculate the greatest common factor of 504 and v.
126
Let u(n) = -183*n**3 + 3*n**2 - 2. Let w be u(1). Let s = w + 215. Calculate the greatest common divisor of 99 and s.
33
Let t(o) = o**3 + 10*o**2 + 2*o + 174. Let l be t(-8). What is the highest common factor of 44 and l?
22
Let m = -2 + 4. Let k(t) = 193*t + 29056. Let r be k(-150). What is the highest common divisor of r and m?
2
Let n be (-1)/(-6) + (-2518)/(-12). What is the greatest common divisor of n and 4305?
105
Let n = 13 - -39. Let m = 78 - n. What is the highest common divisor of m and 286?
26
Suppose -8 = 4*a + 3*w, 0*a = -5*a - 3*w - 7. Let o be 8/(-9 + a)*-49. Calculate the greatest common factor of o and 21.
7
Let h(l) = 3*l**3 - 8*l**2 - 57*l + 359. Let n be h(6). Calculate the greatest common divisor of 143 and n.
13
Suppose 0 = 21*i - 1068 + 438. Calculate the highest common factor of 96 and i.
6
Let j = -2883 + 2892. Calculate the highest common factor of 2367 and j.
9
Suppose 0*p = -2*p + 64. Suppose 166*f = 169*f + 21, 45 = 2*j - 3*f. Calculate the greatest common factor of j and p.
4
Let x be (-23)/4*-8*(-695)/(-10). Suppose 95*r + 537 = x. Suppose 5*f = 4*j - 428, f = -j - 0*f + 116. Calculate the greatest common divisor of j and r.
28
Let p = 13 - -33. Suppose -3*l - 235 = -p. Let h = -30 - l. Calculate the highest common factor of 66 and h.
33
Let o = 21654 - 21634. Calculate the greatest common divisor of 1070 and o.
10
Suppose 3*a = -3*r + 2028, 3*a - 5*r - 955 - 1113 = 0. Supp